{"id":241,"date":"2025-11-25T22:03:40","date_gmt":"2025-11-25T22:03:40","guid":{"rendered":"https:\/\/mariaplanells.es\/?page_id=241"},"modified":"2026-01-30T20:58:19","modified_gmt":"2026-01-30T20:58:19","slug":"declaracion-de-accesibilidad","status":"publish","type":"page","link":"https:\/\/mariaplanells.es\/index.php\/declaracion-de-accesibilidad\/","title":{"rendered":"Declaraci\u00f3n de accesibilidad"},"content":{"rendered":"\t\t<div data-elementor-type=\"wp-page\" data-elementor-id=\"241\" class=\"elementor elementor-241\" data-elementor-post-type=\"page\">\n\t\t\t\t<div class=\"elementor-element elementor-element-0b1b40f e-flex e-con-boxed e-con e-parent\" data-id=\"0b1b40f\" data-element_type=\"container\">\n\t\t\t\t\t<div class=\"e-con-inner\">\n\t\t\t\t<div class=\"elementor-element elementor-element-44ec103 elementor-widget elementor-widget-heading\" data-id=\"44ec103\" data-element_type=\"widget\" data-widget_type=\"heading.default\">\n\t\t\t\t\t<h1 class=\"elementor-heading-title elementor-size-default\">Declaraci\u00f3n de Accesibilidad para mariaplanells.es<\/h1>\t\t\t\t<\/div>\n\t\t\t\t<div class=\"elementor-element elementor-element-b076d28 elementor-widget elementor-widget-text-editor\" data-id=\"b076d28\" data-element_type=\"widget\" data-widget_type=\"text-editor.default\">\n\t\t\t\t\t\t\t\t\t<p><span class=\"jCAhz ChMk0b\"><span class=\"ryNqvb\"><strong>maria planells<\/strong> se compromete a garantizar la accesibilidad digital para las personas con discapacidad.<\/span><\/span>\u00a0<span class=\"jCAhz ChMk0b\"><span class=\"ryNqvb\">Mejoramos continuamente la experiencia de usuario para todos y aplicamos los est\u00e1ndares de accesibilidad pertinentes.<\/span><\/span><\/p><p><span class=\"jCAhz ChMk0b\"><span class=\"ryNqvb\">Estado de conformidad Las Pautas de Accesibilidad al Contenido Web (<strong>WCAG<\/strong>) definen los requisitos que deben cumplir los dise\u00f1adores y desarrolladores para mejorar la accesibilidad para las personas con discapacidad.<\/span><\/span><\/p><p><span class=\"jCAhz\"><span class=\"ryNqvb\">Definen tres niveles de conformidad: Nivel A, Nivel AA y Nivel AAA.<\/span><\/span><span class=\"jCAhz\"><span class=\"ryNqvb\"><strong> maria planells<\/strong> se esfuerza constantemente por mejorar la accesibilidad de su sitio web y sus servicios, convencidos de que es nuestra obligaci\u00f3n moral colectiva permitir un uso fluido, accesible y sin obst\u00e1culos para las personas con discapacidad.<\/span><\/span><\/p><p><span class=\"jCAhz\"><span class=\"ryNqvb\">Nuestro objetivo es que todas las p\u00e1ginas y el contenido de <strong>https:\/\/mariaplanells.es\/<\/strong>\u00a0sean accesibles, pero es posible que algunos contenidos a\u00fan no cumplan plenamente con los est\u00e1ndares de accesibilidad m\u00e1s exigentes.<\/span><\/span>\u00a0<span class=\"jCAhz\"><span class=\"ryNqvb\">Esto podr\u00eda deberse a dificultades para identificar la soluci\u00f3n tecnol\u00f3gica m\u00e1s adecuada.<\/span><\/span><span class=\"jCAhz\"><span class=\"ryNqvb\">\u00a0Podemos revisar esta Declaraci\u00f3n peri\u00f3dicamente para reflejar mejoras o cambios en nuestras pr\u00e1cticas de accesibilidad.<\/span><\/span><span class=\"jCAhz\"><span class=\"ryNqvb\">\u00a0Sugerencias Agradecemos sus comentarios sobre la accesibilidad del sitio web de ZTA MEDIA SERVICE SL.<\/span><\/span><\/p><p><span class=\"jCAhz\"><span class=\"ryNqvb\">Por favor, inf\u00f3rmenos si encuentra alguna barrera de accesibilidad en nuestro sitio web: Correo electr\u00f3nico: <strong>mariaplanellsperez@hotmail.com<\/strong>\u00a0Intentamos responder a sus comentarios en un plazo de 3 a 5 d\u00edas h\u00e1biles.<\/span><\/span><\/p><p>Seviza Project Management &amp; Soluciones Digitales SL<\/p><p><strong>CIF:<\/strong> B75315051<\/p><p><span class=\"jCAhz\"><span class=\"ryNqvb\">Esta declaraci\u00f3n se cre\u00f3 el 01\/12\/2025.<\/span><\/span><\/p>\t\t\t\t\t\t\t\t<\/div>\n\t\t\t\t\t<\/div>\n\t\t\t\t<\/div>\n\t\t\t\t<\/div>\n\t\t","protected":false},"excerpt":{"rendered":"<p>Declaraci\u00f3n de Accesibilidad para mariaplanells.es maria planells se compromete a garantizar la accesibilidad digital para las personas con discapacidad.\u00a0Mejoramos continuamente [&hellip;]<\/p>\n","protected":false},"author":2,"featured_media":0,"parent":0,"menu_order":0,"comment_status":"closed","ping_status":"closed","template":"","meta":{"site-sidebar-layout":"no-sidebar","site-content-layout":"","ast-site-content-layout":"full-width-container","site-content-style":"default","site-sidebar-style":"default","ast-global-header-display":"","ast-banner-title-visibility":"","ast-main-header-display":"","ast-hfb-above-header-display":"","ast-hfb-below-header-display":"","ast-hfb-mobile-header-display":"","site-post-title":"disabled","ast-breadcrumbs-content":"","ast-featured-img":"disabled","footer-sml-layout":"","theme-transparent-header-meta":"","adv-header-id-meta":"","stick-header-meta":"","header-above-stick-meta":"","header-main-stick-meta":"","header-below-stick-meta":"","astra-migrate-meta-layouts":"default","ast-page-background-enabled":"default","ast-page-background-meta":{"desktop":{"background-color":"var(--ast-global-color-5)","background-image":"","background-repeat":"repeat","background-position":"center center","background-size":"auto","background-attachment":"scroll","background-type":"","background-media":"","overlay-type":"","overlay-color":"","overlay-opacity":"","overlay-gradient":""},"tablet":{"background-color":"","background-image":"","background-repeat":"repeat","background-position":"center center","background-size":"auto","background-attachment":"scroll","background-type":"","background-media":"","overlay-type":"","overlay-color":"","overlay-opacity":"","overlay-gradient":""},"mobile":{"background-color":"","background-image":"","background-repeat":"repeat","background-position":"center center","background-size":"auto","background-attachment":"scroll","background-type":"","background-media":"","overlay-type":"","overlay-color":"","overlay-opacity":"","overlay-gradient":""}},"ast-content-background-meta":{"desktop":{"background-color":"var(--ast-global-color-4)","background-image":"","background-repeat":"repeat","background-position":"center center","background-size":"auto","background-attachment":"scroll","background-type":"","background-media":"","overlay-type":"","overlay-color":"","overlay-opacity":"","overlay-gradient":""},"tablet":{"background-color":"var(--ast-global-color-4)","background-image":"","background-repeat":"repeat","background-position":"center center","background-size":"auto","background-attachment":"scroll","background-type":"","background-media":"","overlay-type":"","overlay-color":"","overlay-opacity":"","overlay-gradient":""},"mobile":{"background-color":"var(--ast-global-color-4)","background-image":"","background-repeat":"repeat","background-position":"center center","background-size":"auto","background-attachment":"scroll","background-type":"","background-media":"","overlay-type":"","overlay-color":"","overlay-opacity":"","overlay-gradient":""}},"footnotes":""},"class_list":["post-241","page","type-page","status-publish","hentry"],"_links":{"self":[{"href":"https:\/\/mariaplanells.es\/index.php\/wp-json\/wp\/v2\/pages\/241","targetHints":{"allow":["GET"]}}],"collection":[{"href":"https:\/\/mariaplanells.es\/index.php\/wp-json\/wp\/v2\/pages"}],"about":[{"href":"https:\/\/mariaplanells.es\/index.php\/wp-json\/wp\/v2\/types\/page"}],"author":[{"embeddable":true,"href":"https:\/\/mariaplanells.es\/index.php\/wp-json\/wp\/v2\/users\/2"}],"replies":[{"embeddable":true,"href":"https:\/\/mariaplanells.es\/index.php\/wp-json\/wp\/v2\/comments?post=241"}],"version-history":[{"count":41,"href":"https:\/\/mariaplanells.es\/index.php\/wp-json\/wp\/v2\/pages\/241\/revisions"}],"predecessor-version":[{"id":340,"href":"https:\/\/mariaplanells.es\/index.php\/wp-json\/wp\/v2\/pages\/241\/revisions\/340"}],"wp:attachment":[{"href":"https:\/\/mariaplanells.es\/index.php\/wp-json\/wp\/v2\/media?parent=241"}],"curies":[{"name":"wp","href":"https:\/\/api.w.org\/{rel}","templated":true}]}}